521
In base 8, what is -22407153 + 1?
-22407152
In base 11, what is -3971801 + -3?
-3971804
In base 16, what is 915 + -117a?
-865
In base 16, what is 2 + 12f220a8?
12f220aa
In base 14, what is -4518abb + -2?
-4518abd
In base 7, what is 2 - 24541355?
-24541353
In base 13, what is -4491c98 - -5?
-4491c93
In base 11, what is 18 + 3574802?
357481a
In base 4, what is -323201202 + -1?
-323201203
In base 6, what is 130352211 - 2?
130352205
In base 6, what is 4541044 - -225?
4541313
In base 5, what is 1311032121 - 200?
1311031421
In base 5, what is 1 + 1022211421?
1022211422
In base 9, what is 5714358 - -5?
5714364
In base 3, what is 10 + -21212112200022100?
-21212112200022020
In base 8, what is 105170714 + 3?
105170717
In base 6, what is -42 - -12420210?
12420124
In base 10, what is -8 + 1237656?
1237648
In base 4, what is 202012232123 + -13?
202012232110
In base 6, what is 2511 - 501223?
-454312
In base 6, what is -10225201355 + 0?
-10225201355
In base 9, what is -71261 + -14480?
-85751
In base 16, what is 5da - -2e9?
8c3
In base 12, what is 2992b9 - -51?
29934a
In base 2, what is 1101101101011001010110 + -11?
1101101101011001010011
In base 2, what is 1000000110000011000100000101 - -10?
1000000110000011000100000111
In base 12, what is 218b - 3289?
-10ba
In base 12, what is -214a9 + -577?
-21a64
In base 16, what is 29b + -1f6a6?
-1f40b
In base 9, what is -1158516 - 66?
-1158583
In base 3, what is 10001012101112112 + -2?
10001012101112110
In base 5, what is -341441012020 - -3?
-341441012012
In base 13, what is 4592055 + -5?
4592050
In base 7, what is 2 - -35654254?
35654256
In base 9, what is -68074 - -125?
-67848
In base 5, what is -1120012 + -1122401?
-2242413
In base 15, what is 13931 + -dbb?
12a65
In base 14, what is -15 - 75d6a?
-75d81
In base 4, what is -30033 - -133131000?
133100301
In base 5, what is 41311320 - -4?
41311324
In base 2, what is -1011000010101101111 - 1111100010?
-1011000100101010001
In base 2, what is 1001 + 11100100100110100?
11100100100111101
In base 4, what is 323110012 + 23?
323110101
In base 12, what is -11 + -231198?
-2311a9
In base 12, what is 4802 - -15031?
19833
In base 14, what is 5 - 1206602?
-12065db
In base 12, what is -1221 - 9b52?
-b173
In base 4, what is -232220213 + -1132132?
-300013011
In base 12, what is 2 + -47577ab4?
-47577ab2
In base 13, what is 4b - 11521c?
-1151a1
In base 8, what is 1 - -63630765?
63630766
In base 7, what is -326502 + -16014?
-345516
In base 10, what is -69228 - -16?
-69212
In base 10, what is -62292044 - 1?
-62292045
In base 11, what is 20 - 940821?
-940801
In base 14, what is 4 + -98a67c?
-98a678
In base 2, what is 11010010111101000 - -10100010000?
11010101011111000
In base 9, what is 17654 + -34843?
-16178
In base 13, what is -45ac - 5abb?
-a39a
In base 3, what is 100 + -12111122212?
-12111122112
In base 14, what is -a6 - -7962b3?
79620b
In base 9, what is 1583 - 1080381?
-1077687
In base 8, what is 17164 + -5250?
11714
In base 11, what is -3532a + -46?
-35375
In base 15, what is -1d39c - 1e?
-1d3bb
In base 11, what is 1787943 + -2a?
1787914
In base 4, what is 202321121110 - 1?
202321121103
In base 7, what is 255261 + -401?
254560
In base 6, what is -5 - 434154521?
-434154530
In base 7, what is -1335 - -50154?
45516
In base 16, what is 2 + -c7e2378?
-c7e2376
In base 14, what is 5 + -3808bdb?
-3808bd6
In base 5, what is -101 - -20302001?
20301400
In base 12, what is -5 + -b37712?
-b37717
In base 16, what is 37 - 28e41?
-28e0a
In base 3, what is -11000220221200 - -2120?
-11000220212010
In base 16, what is -10ba30 + -4?
-10ba34
In base 6, what is -2325021 - -241?
-2324340
In base 9, what is -5588377 - -208?
-5588168
In base 5, what is 21 - -31242414?
31242440
In base 4, what is 2023130211 + -11100?
2023113111
In base 9, what is 385751 + 2318?
388170
In base 4, what is -2223012020 + 13331?
-2222332023
In base 11, what is -55822 - 9469?
-64190
In base 14, what is -427 - 1861?
-1c88
In base 6, what is 150 + -2035510051?
-2035505501
In base 2, what is -100101001010100 - -1111111000101?
-10101010001111
In base 7, what is -55 - -1024504?
1024416
In base 14, what is 489c83 + -4?
489c7d
In base 6, what is -33253014455 - -5?
-33253014450
In base 3, what is -1100011102211122 + -21?
-1100011102211220
In base 14, what is -5 - 308c7?
-308cc
In base 12, what is 1b999b872 - -1?
1b999b873
In base 9, what is 3 - -145806?
145810
In base 3, what is 1111211020220020110 - 0?
1111211020220020110
In base 4, what is -131233111000 + 11?
-131233110323
In base 7, what is 334531204 - 3?
334531201
In base 4, what is 1000310212 - 10300?
1000233312
In base 13, what is 55 + c9409?
c9461
In base 8, what is 10116 - -516?
10634
In base 16, what is 2eeec91 - -14?
2eeeca5
In base 2, what is -101 + -10111100011000000010010011?
-10111100011000000010011000
In base 12, what is -83 - 42806?
-42889
In base 5, what is 1024 + -424411?
-423332
In base 5, what is -10421011003 - 32?
-10421011040
In base 7, what is 310253 + -3134?
304116
In base 7, what is -56130636 - -11?
-56130625
In base 14, what is -25c85388 + 5?
-25c85383
In base 10, what is 94366 - -1345?
95711
In base 14, what is -1a3 + b9d2?
b82d
In base 9, what is -2 + -86234061?
-86234063
In base 13, what is 59a6c79 - -2?
59a6c7b
In base 8, what is -567431 - -12?
-567417
In base 7, what is 2 + 25234064?
25234066
In base 12, what is 3855b557 - 0?
3855b557
In base 11, what is -37 - 10066?
-100a2
In base 3, what is -102 - 11021100112201?
-11021100120010
In base 7, what is 326052015 - -5?
326052023
In base 11, what is -488a37 - -19?
-488a19
In base 11, what is -394a5967 + 4?
-394a5963
In base 5, what is -10 + -4043041220?
-4043041230
In base 4, what is 100222 - 2133120?
-2032232
In base 12, what is 5a2 - 181?
421
In base 11, what is 10134937 - -30?
10134967
In base 10, what is -363 + -567581?
-567944
In base 15, what is -38 + -1772c?
-17765
In base 9, what is 565 + -554320?
-553644
In base 10, what is -397921 - 115?
-398036
In base 12, what is -1 + 9613a4?
9613a3
In base 7, what is 10022 + 5603?
15625
In base 9, what is -4 - 287025850?
-287025854
In base 10, what is 548 + 612?
1160
In base 15, what is -9 + -9465a?
-94664
In base 2, what is -1101000000111100 - 10111001?
-1101000011110101
In base 2, what is 10111001101011001110100010 - 11?
10111001101011001110011111
In base 11, what is 20863 - -413?
21176
In base 12, what is -4 + -689a3173?
-689a3177
In base 5, what is 304132241 - -11?
304132302
In base 16, what is -303 + 2430c?
24009
In base 13, what is -4a541452 + 4?
-4a54144b
In base 15, what is 234 - c2086?
-c1d52
In base 6, what is -1132303441 - -4?
-1132303433
In base 4, what is -2013 - 12113301?
-12121320
In base 5, what is 1323200400 - 0?
1323200400
In base 7, what is -14541233 - -411?
-14540522
In base 11, what is 345047 + -4a?
344aa8
In base 7, what is -10110 - 42405?
-52515
In base 4, what is 33011 - 331310?
-232233
In base 14, what is -4 - -b79517?
b79513
In base 8, what is 4714 - 2150?
2544
In base 2, what is 11001101111 - 10110001110?
11100001
In base 16, what is 2e56b - b?
2e560
In base 5, what is 10 + -1112430312?
-1112430302
In base 16, what is 1c1292e + 0?
1c1292e
In base 16, what is 4 + 15cc06?
15cc0a
In base 5, what is -1142414 - 14240?
-1212204
In base 8, what is -10206700 - 300?
-10207200
In base 14, what is -b - 18699b6?
-18699c3
In base 16, what is 11 - -96288d?
96289e
In base 10, what is 99780 - -119?
99899
In base 3, what is -11 - -201210200201?
201210200120
In base 15, what is -79706a9 + -3?
-79706ac
In base 3, what is -1202020211111 + -112000?
-1202021100111
In base 15, what is 79 + -9e392?
-9e318
In base 10, what is 3 + 1939183?
1939186
In base 9, what is -177223 + 248?
-176864
In base 12, what is -993 + -42940?
-43713
In base 3, what is 12 + -222112202001002?
-222112202000220
In base 12, what is -893 + -33b62?
-34835
In base 9, what is -4181 - -45757?
41566
In base 10, what is 986 - 824885?
-823899
In base 9, what is -3 - 3247462?
-3247465
In base 4, what is -10230 + -130122131?
-130133021
In base 3, what is 110010011111021 - -10?
110010011111101
In base 7, what is 6 + 1513421?
1513430
In base 9, what is 5607837 - -6?
5607844
In base 12, what is -212 + 74282?
74070
In base 6, what is 11441 + -221243?
-205402
In base 3, what is 10122200210202 - 1?
1